 be the second derivative of -7*y**3/6 - 15*y**2/2 - 131*y. Give o(-4).
13
Suppose 3430*q - 3515*q = -255. Let x(t) = -t**3 + 5*t + 1. Give x(q).
-11
Let y(m) = 4*m**2 + 6169 - 6159 + 6*m**2 - 7*m + m**3. Calculate y(-11).
-34
Let f(w) = -11*w**2 - 15*w + 6. Let l(z) = 5*z**2 + 7*z - 5. Let b(p) = 4*f(p) + 9*l(p). Determine b(-5).
-11
Let b(m) = -m**2 - 7*m + 4. Let o = 56 - 51. Suppose 3 + 52 = -o*k. Let a = 3 + k. What is b(a)?
-4
Let u(f) = -f + 1 + 0*f + 0. Let h be u(2). Let i(g) = 21*g - 7. Let s(b) = -19*b + 6. Let k(y) = 6*i(y) + 7*s(y). Give k(h).
7
Let p(v) = -2*v + 4. Suppose 2*z + i = 6*i - 4, 2*i = z. Suppose 0 = -0*t + z*t + 32. Determine p(t).
12
Suppose -4*j - 2*l + 34 = 0, 0 = -11*j + 9*j - 2*l + 20. Let n(z) = -111*z**3 + j + 5*z**2 - 5*z - 2*z - 109*z**3 + 221*z**3 + 0*z. Determine n(-6).
13
Let r(i) be the second derivative of -5*i**3/6 + 52*i**2 - 347*i - 2. Give r(19).
9
Let j = 46 - -18. Let b = -58 + j. Let z(d) be the third derivative of -d**5/60 + d**4/6 + d**3/2 + d**2. Calculate z(b).
-9
Let s(t) be the third derivative of -t**5/20 - 7*t**4/3 + 13*t**3/6 + 1065*t**2. Calculate s(-19).
-6
Let r(m) = 2*m - 1. Let g be 13384/(-98)*(-14)/(-4). Let x = -481 - g. Calculate r(x).
-7
Let s be 86/(-344) - (-46)/(-8). Let a(l) = -l**2 + l. Let t(c) = 4*c**2 + 4*c + 2. Let h(p) = 3*a(p) + t(p). Calculate h(s).
-4
Let n(o) = -o**2 - 4*o + 15. Let q be (-9)/((-378)/(-300)) + (-6)/(-42). Let t(f) = -3*f**2 - 25*f - 34. Let j be t(q). What is n(j)?
3
Let y(z) = -150*z**2 + 74*z**2 + 74*z**2 + 23*z - 25*z + 1. Calculate y(-3).
-11
Let m(i) = i. Let o(g) = -4*g + 4. Let d(t) = -5*m(t) - o(t). Suppose -4*f = -p - 28, p + 10 = 8*f - 7*f. Suppose -3*j + f = -4*j. Give d(j).
2
Let u(g) = -29*g + 36036 + 12*g**2 - 72073 + g**3 + 36034. Calculate u(-14).
11
Let u(l) = -3*l - 17. Let s be u(-18). Let q be 0 + s + 2 + 1. Let b(i) = -q*i + 0 + 39*i - 4. Calculate b(-5).
1
Let h(p) = 90 - 8*p + 3*p**3 - p**3 - 28 - p**3 - 49 - 4*p**2. Give h(5).
-2
Let i = -69 - -69. Let g(f) be the first derivative of -3*f + 1/3*f**3 + 31 - 1/4*f**4 - 1/2*f**2. Determine g(i).
-3
Let o(k) be the third derivative of k**5/60 - k**3/6 + 44*k**2 - 2. Let p(m) = -m**3 + 4*m**2 - m - 6. Let n(v) = -4*o(v) + p(v). Give n(0).
-2
Let c be 2/3 - ((-497)/(-21) - -4). Let i be ((-14)/8)/(c/(-108)). Let z(w) = -w**2 - 9*w - 6. Calculate z(i).
8
Let t(q) = -q**3 + 15 - 18 + q + q**2 - 12*q - 14*q**2 + 15. Let o(s) = -s**3 + 21*s**2 - 22*s + 28. Let z be o(20). Give t(z).
0
Let g(i) = 2 - 6 + 0 - 2*i. Let m(f) = -466*f + 5130. Let o be m(11). What is g(o)?
-12
Let q(g) = 10*g**3 - 25*g**2 + 25*g. Let c(u) = 7*u**3 - 17*u**2 + 17*u. Let b(v) = 7*c(v) - 5*q(v). Suppose 2*z = 3*d + 7, 21 = 13*z - 9*z + d. What is b(z)?
-5
Let q(o) = -o**3 - 9*o**2 + 16*o - 63. Let x(i) = -7*i**2 + 145*i - 353. Let d be x(18). Calculate q(d).
3
Let m(f) = -78*f**3 - 41*f**2 + 86*f + 28. Let a(k) = 29*k**3 + 14*k**2 - 29*k - 9. Let s(n) = -8*a(n) - 3*m(n). What is s(-7)?
23
Let k(w) be the third derivative of w**5/60 - 5*w**4/24 - 55*w**3 + 7068*w**2. Give k(21).
6
Let p(v) be the second derivative of -v**7/2520 - v**6/120 - 7*v**5/120 - 6*v**4 + v + 2. Let z(j) be the third derivative of p(j). Determine z(-6).
-7
Let r(w) = 9*w - 3. Suppose 3*p + 7 = 4*s, 391*s = 393*s - 2*p - 4. Calculate r(s).
6
Let h(w) = -w**3 + 26*w**2 - 22*w - 69. Let j be h(25). Let n(s) = 2*s - 8. Let c(x) = 2*x - 7. Let l(k) = -5*c(k) + 6*n(k). Give l(j).
-1
Let t(h) = -2*h**2 + 484*h - 483. Let i be t(1). Let b(l) = 12*l**3 + 2*l + 2. Give b(i).
-12
Let v(h) = h**2 + 2*h - 7. Let z(l) = 5 + 203*l - 100*l - 105*l - l**2. Let i(a) = -2*v(a) - 3*z(a). Calculate i(5).
34
Let v(w) = w**2 + 3. Let q be (-189)/18*4/3. Let a be (-4)/q - (-3024)/49. Let r = a - 62. Determine v(r).
3
Let h(f) = -25*f + 185. Let a(q) = -315*q - 5033. Let d be a(-16). Give h(d).
10
Let l = 211 - 204. Let n be 4/3*(-462)/(-28). Let a(f) = 11 + 5*f - n + f**3 + 19 - 8*f**2. What is a(l)?
-6
Let x(y) be the third derivative of y**5/30 - y**4/8 + 8*y**2. Let l be (117/(-6))/(3/(-8)). Let b be (-5)/(-35) + l/28. Give x(b).
2
Let x(q) = 4*q**3 + q**2 + 8*q - 15. Let g(v) = 21*v**3 + 12*v**2 + 40*v - 75. Let s(y) = 2*g(y) - 11*x(y). Give s(6).
3
Let f(b) = 78 - 83 + 67*b - 80*b + 14*b. Suppose 2*k = 6*k - 44. Determine f(k).
6
Suppose 1 + 1 = -38*q + 39*q. Let u(z) be the third derivative of 3/2*z**3 + 0*z + 1/24*z**4 + 18*z**q + 0. Determine u(0).
9
Suppose -5*i = -4*t - 34, 14*i = 18*i + 3*t + 10. Let h(l) be the first derivative of 0*l**i + 6*l + 3 - 8/3*l**3 - 1/4*l**4. Determine h(-8).
6
Let h(m) = -m**2 - m - 6. Let u(y) = y + 1. Let w(z) = h(z) + 2*u(z). Let d = 433 - 430. Calculate w(d).
-10
Let p = 55 + -54. Let a(z) = 45*z - 137*z - 3*z**2 + 1 + 45*z - z**2 + 46*z. Give a(p).
-4
Let l(t) = 3*t + 15. Let m(s) = -28*s**3 + s**2 + s - 1. Let c be m(1). Let a(z) = -2*z**2 - 55*z - 31. Let b be a(c). What is l(b)?
3
Let r(l) = 12147 - 5*l - 12144 - 2*l**2 - 13*l - 3*l + 3*l. Calculate r(-9).
3
Let k(f) be the second derivative of f**5/20 - 19*f**4/12 + 19*f**3/6 - 25*f**2/2 - 3968*f. Determine k(18).
-7
Suppose 0 = -s + 5*x - 6, 7 = s + 2*x - 1. Let n be (-356)/267*1*3. Let i be (-2)/s*(n + -10). Let f(q) = q**2 - 6*q + 4. What is f(i)?
11
Let a = -15578 + 15577. Let x(c) = 12*c + 9. What is x(a)?
-3
Let o(r) = 10*r**3 + 4*r**2 - 9*r. Let l(z) = -50*z**3 - 21*z**2 + 50*z. Let h(y) = -2*l(y) - 11*o(y). Determine h(-1).
9
Let d(o) = o**3 - 3*o - 1. Suppose -5*i + b + 6 = 3*b, -3 = 4*i - b. Let u = 7 - 3. Suppose -2*c - 2*a = i, -2*a - u = c + 3*c. Calculate d(c).
-3
Let k = -17 + 28. Let g(s) = 14*s - 61. Let l(d) = -19*d + 84. Let v(i) = 4*g(i) + 3*l(i). Determine v(k).
-3
Let g(t) be the first derivative of -t**4/24 - t**3 + 47*t**2 + 136. Let b(c) be the second derivative of g(c). Determine b(-10).
4
Let i(h) = -h**3 - 19*h**2 - 24*h - 4. Let r be i(-18). Let m be (r/(-40))/(3/(-15)). Let x(g) = 7*g - 4 + m - 5 - 2. Determine x(-4).
-26
Let z(w) = -3 - 94*w + 4 + 97*w. Let u be -3*((-28)/(-70))/((-6)/5). What is z(u)?
4
Let f(z) be the second derivative of z**4/12 + 7*z**3/6 - 168*z**2 + z + 384. Calculate f(15).
-6
Let i(l) = -2*l**3 - 13*l**2 - 2*l - 9. Let d(t) = -3*t**3 - 16*t**2 - 2*t - 10. Suppose -69 = -33*x + 30. Let g(a) = x*d(a) - 4*i(a). Give g(5).
-9
Let h be (28/8)/(6/(-4 - 8)). Let x(b) = b**3 + 6*b**2 + 2*b + 6. What is x(h)?
-57
Suppose -3*o = -2*k - 7, -99*o + 101*o - 2*k - 10 = 0. Let s(y) = 23*y. What is s(o)?
-69
Suppose -2*u + 5 = -5. Suppose 0 = u*o - 3*o + 62. Let j = o + 26. Let t(l) = 3*l + 7. Calculate t(j).
-8
Suppose -28*y - 25*y - 11 = 95. Let f(j) = 6*j**3 - 2*j**2 - 3*j. Calculate f(y).
-50
Let c(b) = -69*b**3 + 71*b**2 - 76*b - 13. Let g(n) = 25*n**3 - 24*n**2 + 26*n + 4. Let y(r) = 4*c(r) + 11*g(r). Determine y(19).
11
Let p(w) = 3*w**3 + 5*w**2. Let k(t) = -7*t**3 - 16*t**2 + 12*t + 31. Let x(c) = -k(c) - 2*p(c). Give x(-6).
41
Let v(f) = -24*f + 1. Let l(u) = -27*u + 2. Let t = -481 - -488. Let p(j) = t*v(j) - 6*l(j). Calculate p(-2).
7
Let n be ((-8)/(-10))/(80/(-200)). Let h(r) = -r**2 + 8*r + 14. Let i be h(n). Let g(k) = -3*k - 6. Calculate g(i).
12
Let f = 506 + -506. Suppose -4*n + 14*n + 20 = f. Let p(i) = -10*i - 7. Calculate p(n).
13
Let h = 137 + -129. Let p(n) = -1 - 8*n - n + h*n. Give p(-8).
7
Let j(l) = -8*l + 25. Let c(v) be the second derivative of -v**3/2 + 6*v**2 + 32*v. Let b(z) = -5*c(z) + 2*j(z). Give b(-5).
-5
Let q(p) be the third derivative of -p**6/120 + 17*p**5/60 + 3*p**4/4 - p**3/2 - 2*p**2 - 8*p. Let f be q(18). Let r(c) = c**3 + c**2 - 2*c + 1. Determine r(f).
-11
Let g(k) = -k**3 - 13*k**2 - 6*k - 39. Let h be ((-26)/4)/(3 - 50/20). Give g(h).
39
Let q be (1 - -4) + -2 + 0. Suppose 4*z - 5*u = 23, -q*u = 3*z - 5 + 8. Let c(i) = i + 1. Let j(v) = v - 6. Let l(w) = z*c(w) + j(w). Calculate l(4).
8
Let g(f) = 2*f + 2. Let m(k) = 120*k - 756. Let q(o) = 5*g(o) - m(o). Give q(7).
-4
Let x(i) = -i**3 - 3*i**2 + 4*i + 3. Suppose 0 = 36*k - 34*k - 32. Suppose 0 = -191*f + 187*f - k. What is x(f)?
3
Let d(a) = -10*a - 8 + 4 + 27*a**2 - 65*a**2 + 16*a**2 + 23*a**2. Give d(6).
-28
Suppose 5*p = 3*k + 677, 8*p - 267 = 6*p + 5*k. Let v = p + -133. Let u(m) = -5*m - 1. Determine u(v).
-16
L